{"id":35,"date":"2020-05-16T21:32:38","date_gmt":"2020-05-16T18:32:38","guid":{"rendered":"http:\/\/www.erankavijat.com\/?page_id=35"},"modified":"2024-11-06T14:58:12","modified_gmt":"2024-11-06T12:58:12","slug":"yhteystiedot","status":"publish","type":"page","link":"https:\/\/www.erankavijat.com\/?page_id=35","title":{"rendered":"Yhteystiedot"},"content":{"rendered":"\n<p><strong>Puheenjohtaja:<\/strong> Tero Rantala (040 720 4879)<\/p>\n\n\n\n<p><strong>Varapuheenjohtaja:<\/strong> Toni Rauma (040 572 5824)<\/p>\n\n\n\n<p><strong>Sihteeri<\/strong>: Teht\u00e4v\u00e4\u00e4 hoitaa t\u00e4ll\u00e4 hetkell\u00e4 Toni Rauma (040 572 5824)<\/p>\n\n\n\n<p><strong>Rahastonhoitaja<\/strong>: Mika Pessinen (050 370 0472)<\/p>\n\n\n\n<p><strong>Hirvivouti<\/strong> 2024: Tero Rantala (040 720 4879)<\/p>\n\n\n\n<p><strong>WWW-yll\u00e4pito<\/strong>: Toni Rauma (040 572 5824 \/ toni.rauma@gmail.com)<\/p>\n\n\n\n<p><\/p>\n","protected":false},"excerpt":{"rendered":"<p>Puheenjohtaja: Tero Rantala (040 720 4879) Varapuheenjohtaja: Toni Rauma (040 572 5824) Sihteeri: Teht\u00e4v\u00e4\u00e4 hoitaa t\u00e4ll\u00e4 hetkell\u00e4 Toni Rauma (040 572 5824) Rahastonhoitaja: Mika Pessinen (050 370 0472) Hirvivouti 2024: Tero Rantala (040 720 4879) WWW-yll\u00e4pito: Toni Rauma (040 572 5824 \/ toni.rauma@gmail.com)<\/p>\n","protected":false},"author":2,"featured_media":0,"parent":0,"menu_order":0,"comment_status":"closed","ping_status":"closed","template":"","meta":{"footnotes":""},"class_list":["post-35","page","type-page","status-publish","hentry"],"_links":{"self":[{"href":"https:\/\/www.erankavijat.com\/index.php?rest_route=\/wp\/v2\/pages\/35","targetHints":{"allow":["GET"]}}],"collection":[{"href":"https:\/\/www.erankavijat.com\/index.php?rest_route=\/wp\/v2\/pages"}],"about":[{"href":"https:\/\/www.erankavijat.com\/index.php?rest_route=\/wp\/v2\/types\/page"}],"author":[{"embeddable":true,"href":"https:\/\/www.erankavijat.com\/index.php?rest_route=\/wp\/v2\/users\/2"}],"replies":[{"embeddable":true,"href":"https:\/\/www.erankavijat.com\/index.php?rest_route=%2Fwp%2Fv2%2Fcomments&post=35"}],"version-history":[{"count":8,"href":"https:\/\/www.erankavijat.com\/index.php?rest_route=\/wp\/v2\/pages\/35\/revisions"}],"predecessor-version":[{"id":382,"href":"https:\/\/www.erankavijat.com\/index.php?rest_route=\/wp\/v2\/pages\/35\/revisions\/382"}],"wp:attachment":[{"href":"https:\/\/www.erankavijat.com\/index.php?rest_route=%2Fwp%2Fv2%2Fmedia&parent=35"}],"curies":[{"name":"wp","href":"https:\/\/api.w.org\/{rel}","templated":true}]}}