{"id":122,"date":"2020-08-05T20:59:02","date_gmt":"2020-08-05T17:59:02","guid":{"rendered":"http:\/\/www.erankavijat.com\/?page_id=122"},"modified":"2020-08-05T21:06:49","modified_gmt":"2020-08-05T18:06:49","slug":"linkit","status":"publish","type":"page","link":"https:\/\/www.erankavijat.com\/?page_id=122","title":{"rendered":"Linkit"},"content":{"rendered":"\n<p><a href=\"https:\/\/riista.fi\/metsastys\/metsastysajat\/\" target=\"_blank\" rel=\"noreferrer noopener\"><span class=\"has-inline-color has-vivid-cyan-blue-color\">Mets\u00e4stysajat (riista.fi)<\/span><\/a><br>T\u00e4lt\u00e4 sivulta l\u00f6yd\u00e4t ajantasaiset valtakunnalliset mets\u00e4stysajat. Huomioithan, ett\u00e4 mets\u00e4styst\u00e4 voidaan rajoittaa alueittain. Tutustu oman alueesi rauhoituksiin ja rajoituksiin.<\/p>\n\n\n\n<p><a rel=\"noreferrer noopener\" href=\"https:\/\/riista.fi\/metsastys\/tapahtumahaku\/\" target=\"_blank\"><span class=\"has-inline-color has-vivid-cyan-blue-color\">Riistakeskus tapahtumahaku<\/span><\/a><br>T\u00e4lt\u00e4 sivulta l\u00f6yd\u00e4t Suomen riistakeskuksen ja riistanhoitoyhdistysten j\u00e4rjest\u00e4mi\u00e4 tapahtumia ja tilaisuuksia kuten tutkintotilaisuuksia, koulutuksia ja er\u00e4tapahtumia.<\/p>\n\n\n\n<p><a href=\"https:\/\/metsastajaliitto.fi\/metsastajalle\/hanki-tietoa\/riistalaukauskoulu\" target=\"_blank\" rel=\"noreferrer noopener\"><span class=\"has-inline-color has-vivid-cyan-blue-color\">Riistaulaukauskoulu<\/span><\/a><br>Riistalaukauskoulu &#8211; Vaatii toimiakseen Adobe Flash lis\u00e4osan selaimeen. My\u00f6hemmin tekniikka vaihtuu HTML5:n.<\/p>\n","protected":false},"excerpt":{"rendered":"<p>Mets\u00e4stysajat (riista.fi)T\u00e4lt\u00e4 sivulta l\u00f6yd\u00e4t ajantasaiset valtakunnalliset mets\u00e4stysajat. Huomioithan, ett\u00e4 mets\u00e4styst\u00e4 voidaan rajoittaa alueittain. Tutustu oman alueesi rauhoituksiin ja rajoituksiin. Riistakeskus tapahtumahakuT\u00e4lt\u00e4 sivulta l\u00f6yd\u00e4t Suomen riistakeskuksen ja riistanhoitoyhdistysten j\u00e4rjest\u00e4mi\u00e4 tapahtumia ja tilaisuuksia kuten tutkintotilaisuuksia, koulutuksia ja er\u00e4tapahtumia. RiistaulaukauskouluRiistalaukauskoulu &#8211; Vaatii toimiakseen Adobe Flash lis\u00e4osan selaimeen. My\u00f6hemmin tekniikka vaihtuu HTML5:n.<\/p>\n","protected":false},"author":2,"featured_media":0,"parent":0,"menu_order":0,"comment_status":"closed","ping_status":"closed","template":"","meta":{"footnotes":""},"class_list":["post-122","page","type-page","status-publish","hentry"],"_links":{"self":[{"href":"https:\/\/www.erankavijat.com\/index.php?rest_route=\/wp\/v2\/pages\/122","targetHints":{"allow":["GET"]}}],"collection":[{"href":"https:\/\/www.erankavijat.com\/index.php?rest_route=\/wp\/v2\/pages"}],"about":[{"href":"https:\/\/www.erankavijat.com\/index.php?rest_route=\/wp\/v2\/types\/page"}],"author":[{"embeddable":true,"href":"https:\/\/www.erankavijat.com\/index.php?rest_route=\/wp\/v2\/users\/2"}],"replies":[{"embeddable":true,"href":"https:\/\/www.erankavijat.com\/index.php?rest_route=%2Fwp%2Fv2%2Fcomments&post=122"}],"version-history":[{"count":8,"href":"https:\/\/www.erankavijat.com\/index.php?rest_route=\/wp\/v2\/pages\/122\/revisions"}],"predecessor-version":[{"id":132,"href":"https:\/\/www.erankavijat.com\/index.php?rest_route=\/wp\/v2\/pages\/122\/revisions\/132"}],"wp:attachment":[{"href":"https:\/\/www.erankavijat.com\/index.php?rest_route=%2Fwp%2Fv2%2Fmedia&parent=122"}],"curies":[{"name":"wp","href":"https:\/\/api.w.org\/{rel}","templated":true}]}}